{"id":87,"date":"2025-01-16T17:40:14","date_gmt":"2025-01-16T17:40:14","guid":{"rendered":"https:\/\/policlinica-baiamare.ro\/farmacie\/?post_type=product&#038;p=87"},"modified":"2025-01-16T17:40:14","modified_gmt":"2025-01-16T17:40:14","slug":"erectil","status":"publish","type":"product","link":"https:\/\/policlinica-baiamare.ro\/farmacie\/produs\/erectil\/","title":{"rendered":"Erectil"},"content":{"rendered":"<p class=\"text-body font-regular leading-[24px] pt-[9px] pb-[2px]\" dir=\"ltr\">Erectil capsule reprezint\u0103 un supliment alimentar natural, conceput special pentru b\u0103rba\u021bii care doresc s\u0103-\u0219i \u00eembun\u0103t\u0103\u021beasc\u0103 via\u021ba sexual\u0103 \u0219i s\u0103n\u0103tatea intim\u0103. Acest produs poate contribui la ameliorarea disfunc\u021biei erectile, prin \u00eembun\u0103t\u0103\u021birea circula\u021biei sanguine \u00een zona pelvian\u0103, \u00eent\u0103rirea vaselor de s\u00e2nge \u0219i a inimii, cre\u0219terea sensibilit\u0103\u021bii penisului \u0219i sporirea rezisten\u021bei sexuale. \u00cen acela\u0219i timp, Erectil joac\u0103 un rol esen\u021bial \u00een sinteza testosteronului, contribuind la ob\u021binerea unei erec\u021bii rapide, amplificarea libidoului \u0219i \u00eembun\u0103t\u0103\u021birea calit\u0103\u021bii spermei.<\/p>\n<p class=\"text-body font-regular leading-[24px] pt-[9px] pb-[2px]\" dir=\"ltr\">Un alt beneficiu notabil al acestui supliment este prevenirea ejacul\u0103rii precoce, oferind astfel posibilitatea unui contact sexual de durat\u0103 \u0219i mai satisf\u0103c\u0103tor. Spre deosebire de alte produse de acest tip, Erectil nu con\u021bine conservan\u021bi \u0219i nu genereaz\u0103 dependen\u021b\u0103.<\/p>\n<h2 class=\"font-bold text-h3 leading-[40px] pt-[21px] pb-[2px] [&amp;_a]:underline-offset-[6px] [&amp;_.underline]:underline-offset-[6px]\" dir=\"ltr\">Cum func\u021bioneaz\u0103?<\/h2>\n<p class=\"text-body font-regular leading-[24px] pt-[9px] pb-[2px]\" dir=\"ltr\">Erectil func\u021bioneaz\u0103 printr-o combina\u021bie unic\u0103 de ingrediente active care ac\u021bioneaz\u0103 sinergic pentru a \u00eembun\u0103t\u0103\u021bi func\u021bia sexual\u0103. Extractele naturale contribuie la dilatarea vaselor de s\u00e2nge \u0219i la sporirea fluxului sanguin \u00een zona genital\u0103, ceea ce favorizeaz\u0103 erec\u021bii mai ferme \u0219i de durat\u0103. Produsul are, de asemenea, un impact pozitiv asupra nivelului de energie \u0219i vitalitate, reduc\u00e2nd efectele stresului asupra performan\u021bei sexuale. Efectele poten\u021batoare se observ\u0103 cu utilizarea regulat\u0103, iar efectele secundare negative sunt minime datorit\u0103 formulei naturale.<\/p>\n<h2 class=\"font-bold text-h3 leading-[40px] pt-[21px] pb-[2px] [&amp;_a]:underline-offset-[6px] [&amp;_.underline]:underline-offset-[6px]\" dir=\"ltr\">Ingrediente (substan\u021be active)<\/h2>\n<p class=\"text-body font-regular leading-[24px] pt-[9px] pb-[2px]\" dir=\"ltr\">Erectil con\u021bine un amestec atent ales de ingrediente naturale care sprijin\u0103 s\u0103n\u0103tatea sexual\u0103 masculin\u0103:<\/p>\n<ul class=\"pt-[9px] pb-[2px] pl-[24px] list-disc [&amp;_ul]:pt-[5px] pt-[5px]\">\n<li class=\"text-body font-regular leading-[24px] my-[5px] [&amp;&gt;ol]:!pt-0 [&amp;&gt;ol]:!pb-0 [&amp;&gt;ul]:!pt-0 [&amp;&gt;ul]:!pb-0\" value=\"1\"><b><strong class=\"font-bold\">Extract de lubeni\u021b\u0103 (Watermelon Matsum)<\/strong><\/b> \u2013 Con\u021bine citrulin\u0103, un aminoacid care ajut\u0103 la \u00eembun\u0103t\u0103\u021birea circula\u021biei sanguine \u0219i relaxarea vaselor de s\u00e2nge, promov\u00e2nd o mai bun\u0103 performan\u021b\u0103 sexual\u0103.<\/li>\n<li class=\"text-body font-regular leading-[24px] my-[5px] [&amp;&gt;ol]:!pt-0 [&amp;&gt;ol]:!pb-0 [&amp;&gt;ul]:!pt-0 [&amp;&gt;ul]:!pb-0\" value=\"1\"><b><strong class=\"font-bold\">Extract de Cordyceps<\/strong><\/b> \u2013 Cunoscut pentru propriet\u0103\u021bile sale adaptogene, Cordyceps cre\u0219te energia \u0219i rezisten\u021ba, reduc\u00e2nd \u00een acela\u0219i timp oboseala fizic\u0103 \u0219i mental\u0103.<\/li>\n<li class=\"text-body font-regular leading-[24px] my-[5px] [&amp;&gt;ol]:!pt-0 [&amp;&gt;ol]:!pb-0 [&amp;&gt;ul]:!pt-0 [&amp;&gt;ul]:!pb-0\" value=\"2\"><b><strong class=\"font-bold\">Extract uscat de Muira Puama<\/strong><\/b> \u2013 Supranumit \u0219i \u201elemnul poten\u021bei,\u201d acest ingredient este renumit pentru capacitatea sa de a \u00eembun\u0103t\u0103\u021bi libidoul \u0219i de a cre\u0219te activitatea sexual\u0103.<\/li>\n<li class=\"text-body font-regular leading-[24px] my-[5px] [&amp;&gt;ol]:!pt-0 [&amp;&gt;ol]:!pb-0 [&amp;&gt;ul]:!pt-0 [&amp;&gt;ul]:!pb-0\" value=\"3\"><b><strong class=\"font-bold\">Ginkgo Biloba<\/strong><\/b> \u2013 Acest extract favorizeaz\u0103 microcircula\u021bia \u0219i s\u0103n\u0103tatea vascular\u0103, sprijinind func\u021bia erectile prin cre\u0219terea fluxului sanguin.<\/li>\n<li class=\"text-body font-regular leading-[24px] my-[5px] [&amp;&gt;ol]:!pt-0 [&amp;&gt;ol]:!pb-0 [&amp;&gt;ul]:!pt-0 [&amp;&gt;ul]:!pb-0\" value=\"4\"><b><strong class=\"font-bold\">Extract uscat din r\u0103d\u0103cina de Maca<\/strong><\/b> \u2013 Maca este un afrodisiac natural, care \u00eembun\u0103t\u0103\u021be\u0219te echilibrul hormonal \u0219i contribuie la cre\u0219terea libidoului \u0219i a fertilit\u0103\u021bii.<\/li>\n<\/ul>\n<h2 class=\"font-bold text-h3 leading-[40px] pt-[21px] pb-[2px] [&amp;_a]:underline-offset-[6px] [&amp;_.underline]:underline-offset-[6px]\" dir=\"ltr\">Efecte \u0219i beneficii<\/h2>\n<ul class=\"pt-[9px] pb-[2px] pl-[24px] list-disc [&amp;_ul]:pt-[5px] pt-[5px]\">\n<li class=\"text-body font-regular leading-[24px] my-[5px] [&amp;&gt;ol]:!pt-0 [&amp;&gt;ol]:!pb-0 [&amp;&gt;ul]:!pt-0 [&amp;&gt;ul]:!pb-0\" value=\"1\"><b><strong class=\"font-bold\">\u00cembun\u0103t\u0103\u021birea erec\u021biei<\/strong><\/b> \u2013 Cre\u0219terea fluxului sanguin \u00een zona genital\u0103 ajut\u0103 la ob\u021binerea \u0219i men\u021binerea unei erec\u021bii ferme.<\/li>\n<li class=\"text-body font-regular leading-[24px] my-[5px] [&amp;&gt;ol]:!pt-0 [&amp;&gt;ol]:!pb-0 [&amp;&gt;ul]:!pt-0 [&amp;&gt;ul]:!pb-0\" value=\"2\"><b><strong class=\"font-bold\">Cre\u0219terea libidoului<\/strong><\/b> \u2013 Ingrediente naturale cu propriet\u0103\u021bi afrodisiace stimuleaz\u0103 dorin\u021ba sexual\u0103.<\/li>\n<li class=\"text-body font-regular leading-[24px] my-[5px] [&amp;&gt;ol]:!pt-0 [&amp;&gt;ol]:!pb-0 [&amp;&gt;ul]:!pt-0 [&amp;&gt;ul]:!pb-0\" value=\"3\"><b><strong class=\"font-bold\">Reducerea stresului<\/strong><\/b> \u2013 Combaterea efectelor stresului asupra performan\u021bei sexuale.<\/li>\n<li class=\"text-body font-regular leading-[24px] my-[5px] [&amp;&gt;ol]:!pt-0 [&amp;&gt;ol]:!pb-0 [&amp;&gt;ul]:!pt-0 [&amp;&gt;ul]:!pb-0\" value=\"4\"><b><strong class=\"font-bold\">Prevenirea ejacul\u0103rii precoce<\/strong><\/b> \u2013 Contact sexual de durat\u0103 mai mare \u0219i control sporit.<\/li>\n<li class=\"text-body font-regular leading-[24px] my-[5px] [&amp;&gt;ol]:!pt-0 [&amp;&gt;ol]:!pb-0 [&amp;&gt;ul]:!pt-0 [&amp;&gt;ul]:!pb-0\" value=\"5\"><b><strong class=\"font-bold\">Sprijin pentru s\u0103n\u0103tatea cardiovascular\u0103<\/strong><\/b> \u2013 \u00cent\u0103rirea vaselor de s\u00e2nge \u0219i \u00eembun\u0103t\u0103\u021birea circula\u021biei generale.<\/li>\n<li class=\"text-body font-regular leading-[24px] my-[5px] [&amp;&gt;ol]:!pt-0 [&amp;&gt;ol]:!pb-0 [&amp;&gt;ul]:!pt-0 [&amp;&gt;ul]:!pb-0\" value=\"6\"><b><strong class=\"font-bold\">Spore\u0219te energia \u0219i vitalitatea<\/strong><\/b> \u2013 Efecte pozitive asupra st\u0103rii generale de bine.<\/li>\n<\/ul>\n<h2 class=\"font-bold text-h3 leading-[40px] pt-[21px] pb-[2px] [&amp;_a]:underline-offset-[6px] [&amp;_.underline]:underline-offset-[6px]\" dir=\"ltr\">Erectil prospect, mod de utilizare<\/h2>\n<p class=\"text-body font-regular leading-[24px] pt-[9px] pb-[2px]\" dir=\"ltr\">Utilizarea Erectil este simpl\u0103 \u0219i eficient\u0103. Se recomand\u0103 administrarea a unei capsule pe zi, de preferin\u021b\u0103 cu un pahar de ap\u0103. Capsula poate fi luat\u0103 \u00eenainte sau dup\u0103 mas\u0103, dar este important s\u0103 fie utilizat\u0103 cu regularitate pentru rezultate optime. Consisten\u021ba \u00een programul de administrare contribuie la efecte mai bune. Cu utilizarea regulat\u0103, Erectil ajut\u0103 la \u00eembun\u0103t\u0103\u021birea erec\u021biei, cre\u0219terea libidoului \u0219i combaterea influen\u021bei stresului asupra s\u0103n\u0103t\u0103\u021bii sexuale.<\/p>\n<h2 class=\"font-bold text-h3 leading-[40px] pt-[21px] pb-[2px] [&amp;_a]:underline-offset-[6px] [&amp;_.underline]:underline-offset-[6px]\" dir=\"ltr\">Opinia farmacistului<\/h2>\n<ul class=\"pt-[9px] pb-[2px] pl-[24px] list-disc [&amp;_ul]:pt-[5px] pt-[5px]\">\n<li class=\"text-body font-regular leading-[24px] my-[5px] [&amp;&gt;ol]:!pt-0 [&amp;&gt;ol]:!pb-0 [&amp;&gt;ul]:!pt-0 [&amp;&gt;ul]:!pb-0\" value=\"1\"><b><strong class=\"font-bold\">Mihai T., farmacist<\/strong><\/b> \u2013 \u201eRecomand Erectil clien\u021bilor mei datorit\u0103 formulei sale naturale \u0219i eficiente. Rezultatele sunt vizibile dup\u0103 doar c\u00e2teva s\u0103pt\u0103m\u00e2ni de utilizare regulat\u0103.\u201d<\/li>\n<li class=\"text-body font-regular leading-[24px] my-[5px] [&amp;&gt;ol]:!pt-0 [&amp;&gt;ol]:!pb-0 [&amp;&gt;ul]:!pt-0 [&amp;&gt;ul]:!pb-0\" value=\"2\"><b><strong class=\"font-bold\">Andreea P., farmacist\u0103<\/strong><\/b> \u2013 \u201eMul\u021bi clien\u021bi revin s\u0103 comande Erectil, confirm\u00e2ndu-mi efectele pozitive asupra performan\u021bei lor sexuale.\u201d<\/li>\n<li class=\"text-body font-regular leading-[24px] my-[5px] [&amp;&gt;ol]:!pt-0 [&amp;&gt;ol]:!pb-0 [&amp;&gt;ul]:!pt-0 [&amp;&gt;ul]:!pb-0\" value=\"3\"><b><strong class=\"font-bold\">Laura V., expert farmaceutic<\/strong><\/b> \u2013 \u201eEste un supliment de \u00eencredere, bazat pe ingrediente testate, care func\u021bioneaz\u0103 cu adev\u0103rat.\u201d<\/li>\n<\/ul>\n<h2 class=\"font-bold text-h3 leading-[40px] pt-[21px] pb-[2px] [&amp;_a]:underline-offset-[6px] [&amp;_.underline]:underline-offset-[6px]\" dir=\"ltr\">De unde s\u0103 cumperi Erectil din farmacie, pre\u021b?<\/h2>\n<p class=\"text-body font-regular leading-[24px] pt-[9px] pb-[2px]\" dir=\"ltr\">Pentru a achizi\u021biona suplimentul Erectil, vizita\u021bi site-ul nostru oficial al farmaciei. Tot ce trebuie s\u0103 face\u021bi este s\u0103 ap\u0103sa\u021bi pe butonul \u201eCump\u0103r\u0103,\u201d s\u0103 completa\u021bi formularul cu informa\u021biile necesare \u0219i s\u0103 selecta\u021bi metoda de livrare \u0219i plat\u0103 dorit\u0103. Pre\u021bul actual este de 159 RON, iar \u00een prezent beneficia\u021bi de o ofert\u0103 special\u0103, cu o reducere de 50%, valabil\u0103 \u00een limita stocului disponibil. Livrarea se efectueaz\u0103 rapid, \u00een 24-72 de ore, prin serviciile de curierat din Rom\u00e2nia.<\/p>\n<h2 class=\"font-bold text-h3 leading-[40px] pt-[21px] pb-[2px] [&amp;_a]:underline-offset-[6px] [&amp;_.underline]:underline-offset-[6px]\" dir=\"ltr\">\u00cel pot cump\u0103ra de la alte farmacii DM, Dr. Max, Catena, Farmacia Tei?<\/h2>\n<p class=\"text-body font-regular leading-[24px] pt-[9px] pb-[2px]\" dir=\"ltr\">Erectil nu este disponibil \u00een alte farmacii online din Rom\u00e2nia, precum Dr. Max, Catena, Farmacia Tei, Sensiblu, Helpnet sau DM. Produsul este disponibil exclusiv prin intermediul farmaciei noastre, \u00een urma unui parteneriat direct cu produc\u0103torul.<\/p>\n<h2 class=\"font-bold text-h3 leading-[40px] pt-[21px] pb-[2px] [&amp;_a]:underline-offset-[6px] [&amp;_.underline]:underline-offset-[6px]\" dir=\"ltr\">Recenzii reale, comentarii, comentarii pe forum<\/h2>\n<ul class=\"pt-[9px] pb-[2px] pl-[24px] list-disc [&amp;_ul]:pt-[5px] pt-[5px]\">\n<li class=\"text-body font-regular leading-[24px] my-[5px] [&amp;&gt;ol]:!pt-0 [&amp;&gt;ol]:!pb-0 [&amp;&gt;ul]:!pt-0 [&amp;&gt;ul]:!pb-0\" value=\"1\">\u201eFolosesc Erectil de 3 luni \u0219i sunt foarte mul\u021bumit de rezultate. Erec\u021biile sunt mai ferme, iar stresul nu mai afecteaz\u0103 performan\u021ba mea.\u201d \u2013 George P.<\/li>\n<li class=\"text-body font-regular leading-[24px] my-[5px] [&amp;&gt;ol]:!pt-0 [&amp;&gt;ol]:!pb-0 [&amp;&gt;ul]:!pt-0 [&amp;&gt;ul]:!pb-0\" value=\"2\">\u201eRecomand cu \u00eencredere! Este un produs natural care chiar func\u021bioneaz\u0103. Observ o schimbare pozitiv\u0103 \u00een via\u021ba mea intim\u0103.\u201d \u2013 Victor C.<\/li>\n<li class=\"text-body font-regular leading-[24px] my-[5px] [&amp;&gt;ol]:!pt-0 [&amp;&gt;ol]:!pb-0 [&amp;&gt;ul]:!pt-0 [&amp;&gt;ul]:!pb-0\" value=\"3\">\u201eErectil este cea mai bun\u0103 alegere pe care am f\u0103cut-o. Rezultate rapide \u0219i f\u0103r\u0103 efecte secundare!\u201d \u2013 Andrei M.<\/li>\n<\/ul>\n<h2 class=\"font-bold text-h3 leading-[40px] pt-[21px] pb-[2px] [&amp;_a]:underline-offset-[6px] [&amp;_.underline]:underline-offset-[6px]\" dir=\"ltr\">\u00centreb\u0103ri frecvente<\/h2>\n<h3 class=\"font-bold text-h4 leading-[30px] pt-[15px] pb-[2px] [&amp;_a]:underline-offset-[6px] [&amp;_.underline]:underline-offset-[6px]\" dir=\"ltr\">C\u00e2t timp dureaz\u0103 pentru a vedea efectele?<\/h3>\n<p class=\"text-body font-regular leading-[24px] pt-[9px] pb-[2px]\" dir=\"ltr\">Rezultatele pot varia, \u00eens\u0103 mul\u021bi utilizatori observ\u0103 primele efecte pozitive dup\u0103 c\u00e2teva s\u0103pt\u0103m\u00e2ni de administrare regulat\u0103.<\/p>\n<h3 class=\"font-bold text-h4 leading-[30px] pt-[15px] pb-[2px] [&amp;_a]:underline-offset-[6px] [&amp;_.underline]:underline-offset-[6px]\" dir=\"ltr\">Are efecte secundare?<\/h3>\n<p class=\"text-body font-regular leading-[24px] pt-[9px] pb-[2px]\" dir=\"ltr\">Fiind un produs natural, Erectil are un risc minim de efecte secundare, dac\u0103 este utilizat conform instruc\u021biunilor.<\/p>\n<h3 class=\"font-bold text-h4 leading-[30px] pt-[15px] pb-[2px] [&amp;_a]:underline-offset-[6px] [&amp;_.underline]:underline-offset-[6px]\" dir=\"ltr\">Este necesar\u0103 prescrip\u021bia medical\u0103 pentru Erectil?<\/h3>\n<p class=\"text-body font-regular leading-[24px] pt-[9px] pb-[2px]\" dir=\"ltr\">Nu, Erectil este un supliment care poate fi achizi\u021bionat f\u0103r\u0103 prescrip\u021bie medical\u0103.<\/p>\n","protected":false},"excerpt":{"rendered":"<p>Erectil capsule reprezint\u0103 un supliment alimentar natural, conceput special pentru b\u0103rba\u021bii care doresc s\u0103-\u0219i \u00eembun\u0103t\u0103\u021beasc\u0103 via\u021ba sexual\u0103 \u0219i s\u0103n\u0103tatea intim\u0103. [&hellip;]<\/p>\n","protected":false},"featured_media":88,"template":"","meta":{"site-sidebar-layout":"default","site-content-layout":"","ast-site-content-layout":"default","site-content-style":"default","site-sidebar-style":"default","ast-global-header-display":"","ast-banner-title-visibility":"","ast-main-header-display":"","ast-hfb-above-header-display":"","ast-hfb-below-header-display":"","ast-hfb-mobile-header-display":"","site-post-title":"","ast-breadcrumbs-content":"","ast-featured-img":"","footer-sml-layout":"","ast-disable-related-posts":"","theme-transparent-header-meta":"default","adv-header-id-meta":"","stick-header-meta":"","header-above-stick-meta":"","header-main-stick-meta":"","header-below-stick-meta":"","astra-migrate-meta-layouts":"set","ast-page-background-enabled":"default","ast-page-background-meta":{"desktop":{"background-color":"var(--ast-global-color-5)","background-image":"","background-repeat":"repeat","background-position":"center center","background-size":"auto","background-attachment":"scroll","background-type":"","background-media":"","overlay-type":"","overlay-color":"","overlay-opacity":"","overlay-gradient":""},"tablet":{"background-color":"","background-image":"","background-repeat":"repeat","background-position":"center center","background-size":"auto","background-attachment":"scroll","background-type":"","background-media":"","overlay-type":"","overlay-color":"","overlay-opacity":"","overlay-gradient":""},"mobile":{"background-color":"","background-image":"","background-repeat":"repeat","background-position":"center center","background-size":"auto","background-attachment":"scroll","background-type":"","background-media":"","overlay-type":"","overlay-color":"","overlay-opacity":"","overlay-gradient":""}},"ast-content-background-meta":{"desktop":{"background-color":"var(--ast-global-color-4)","background-image":"","background-repeat":"repeat","background-position":"center center","background-size":"auto","background-attachment":"scroll","background-type":"","background-media":"","overlay-type":"","overlay-color":"","overlay-opacity":"","overlay-gradient":""},"tablet":{"background-color":"var(--ast-global-color-4)","background-image":"","background-repeat":"repeat","background-position":"center center","background-size":"auto","background-attachment":"scroll","background-type":"","background-media":"","overlay-type":"","overlay-color":"","overlay-opacity":"","overlay-gradient":""},"mobile":{"background-color":"var(--ast-global-color-4)","background-image":"","background-repeat":"repeat","background-position":"center center","background-size":"auto","background-attachment":"scroll","background-type":"","background-media":"","overlay-type":"","overlay-color":"","overlay-opacity":"","overlay-gradient":""}},"iawp_total_views":59},"product_brand":[],"product_cat":[17],"product_tag":[],"class_list":{"0":"post-87","1":"product","2":"type-product","3":"status-publish","4":"has-post-thumbnail","6":"product_cat-potenta","7":"desktop-align-left","8":"tablet-align-left","9":"mobile-align-left","11":"first","12":"instock","13":"sale","14":"shipping-taxable","15":"purchasable","16":"product-type-simple"},"yoast_head":"<!-- This site is optimized with the Yoast SEO plugin v27.6 - https:\/\/yoast.com\/product\/yoast-seo-wordpress\/ -->\n<title>Erectil - Suplimente Naturale<\/title>\n<meta name=\"description\" content=\"Erectil - Cump\u0103ra\u021bi \u00eentr-o farmacie, pre\u021b, compozi\u021bie, efecte, informa\u021bii, opinii \u0219i comentarii reale, chiar func\u021bioneaz\u0103 sau este o \u00een\u0219el\u0103torie\u2753\" \/>\n<meta name=\"robots\" content=\"index, follow, max-snippet:-1, max-image-preview:large, max-video-preview:-1\" \/>\n<link rel=\"canonical\" href=\"https:\/\/policlinica-baiamare.ro\/farmacie\/produs\/erectil\/\" \/>\n<meta property=\"og:locale\" content=\"ro_RO\" \/>\n<meta property=\"og:type\" content=\"article\" \/>\n<meta property=\"og:title\" content=\"Erectil - Suplimente Naturale\" \/>\n<meta property=\"og:description\" content=\"Erectil - Cump\u0103ra\u021bi \u00eentr-o farmacie, pre\u021b, compozi\u021bie, efecte, informa\u021bii, opinii \u0219i comentarii reale, chiar func\u021bioneaz\u0103 sau este o \u00een\u0219el\u0103torie\u2753\" \/>\n<meta property=\"og:url\" content=\"https:\/\/policlinica-baiamare.ro\/farmacie\/produs\/erectil\/\" \/>\n<meta property=\"og:site_name\" content=\"Suplimente Naturale\" \/>\n<meta property=\"og:image\" content=\"https:\/\/policlinica-baiamare.ro\/farmacie\/wp-content\/uploads\/2025\/01\/erectil.jpg\" \/>\n\t<meta property=\"og:image:width\" content=\"250\" \/>\n\t<meta property=\"og:image:height\" content=\"300\" \/>\n\t<meta property=\"og:image:type\" content=\"image\/jpeg\" \/>\n<meta name=\"twitter:card\" content=\"summary_large_image\" \/>\n<meta name=\"twitter:label1\" content=\"Timp estimat pentru citire\" \/>\n\t<meta name=\"twitter:data1\" content=\"5 minute\" \/>\n<script type=\"application\/ld+json\" class=\"yoast-schema-graph\">{\"@context\":\"https:\\\/\\\/schema.org\",\"@graph\":[{\"@type\":\"WebPage\",\"@id\":\"https:\\\/\\\/policlinica-baiamare.ro\\\/farmacie\\\/produs\\\/erectil\\\/\",\"url\":\"https:\\\/\\\/policlinica-baiamare.ro\\\/farmacie\\\/produs\\\/erectil\\\/\",\"name\":\"Erectil - Suplimente Naturale\",\"isPartOf\":{\"@id\":\"https:\\\/\\\/policlinica-baiamare.ro\\\/farmacie\\\/#website\"},\"primaryImageOfPage\":{\"@id\":\"https:\\\/\\\/policlinica-baiamare.ro\\\/farmacie\\\/produs\\\/erectil\\\/#primaryimage\"},\"image\":{\"@id\":\"https:\\\/\\\/policlinica-baiamare.ro\\\/farmacie\\\/produs\\\/erectil\\\/#primaryimage\"},\"thumbnailUrl\":\"https:\\\/\\\/policlinica-baiamare.ro\\\/farmacie\\\/wp-content\\\/uploads\\\/2025\\\/01\\\/erectil.jpg\",\"datePublished\":\"2025-01-16T17:40:14+00:00\",\"description\":\"Erectil - Cump\u0103ra\u021bi \u00eentr-o farmacie, pre\u021b, compozi\u021bie, efecte, informa\u021bii, opinii \u0219i comentarii reale, chiar func\u021bioneaz\u0103 sau este o \u00een\u0219el\u0103torie\u2753\",\"breadcrumb\":{\"@id\":\"https:\\\/\\\/policlinica-baiamare.ro\\\/farmacie\\\/produs\\\/erectil\\\/#breadcrumb\"},\"inLanguage\":\"ro-RO\",\"potentialAction\":[{\"@type\":\"ReadAction\",\"target\":[\"https:\\\/\\\/policlinica-baiamare.ro\\\/farmacie\\\/produs\\\/erectil\\\/\"]}]},{\"@type\":\"ImageObject\",\"inLanguage\":\"ro-RO\",\"@id\":\"https:\\\/\\\/policlinica-baiamare.ro\\\/farmacie\\\/produs\\\/erectil\\\/#primaryimage\",\"url\":\"https:\\\/\\\/policlinica-baiamare.ro\\\/farmacie\\\/wp-content\\\/uploads\\\/2025\\\/01\\\/erectil.jpg\",\"contentUrl\":\"https:\\\/\\\/policlinica-baiamare.ro\\\/farmacie\\\/wp-content\\\/uploads\\\/2025\\\/01\\\/erectil.jpg\",\"width\":250,\"height\":300,\"caption\":\"erectil\"},{\"@type\":\"BreadcrumbList\",\"@id\":\"https:\\\/\\\/policlinica-baiamare.ro\\\/farmacie\\\/produs\\\/erectil\\\/#breadcrumb\",\"itemListElement\":[{\"@type\":\"ListItem\",\"position\":1,\"name\":\"Prima pagin\u0103\",\"item\":\"https:\\\/\\\/policlinica-baiamare.ro\\\/farmacie\\\/\"},{\"@type\":\"ListItem\",\"position\":2,\"name\":\"Produse\",\"item\":\"https:\\\/\\\/policlinica-baiamare.ro\\\/farmacie\\\/\"},{\"@type\":\"ListItem\",\"position\":3,\"name\":\"Erectil\"}]},{\"@type\":\"WebSite\",\"@id\":\"https:\\\/\\\/policlinica-baiamare.ro\\\/farmacie\\\/#website\",\"url\":\"https:\\\/\\\/policlinica-baiamare.ro\\\/farmacie\\\/\",\"name\":\"Suplimente Naturale\",\"description\":\"\",\"potentialAction\":[{\"@type\":\"SearchAction\",\"target\":{\"@type\":\"EntryPoint\",\"urlTemplate\":\"https:\\\/\\\/policlinica-baiamare.ro\\\/farmacie\\\/?s={search_term_string}\"},\"query-input\":{\"@type\":\"PropertyValueSpecification\",\"valueRequired\":true,\"valueName\":\"search_term_string\"}}],\"inLanguage\":\"ro-RO\"}]}<\/script>\n<!-- \/ Yoast SEO plugin. -->","yoast_head_json":{"title":"Erectil - Suplimente Naturale","description":"Erectil - Cump\u0103ra\u021bi \u00eentr-o farmacie, pre\u021b, compozi\u021bie, efecte, informa\u021bii, opinii \u0219i comentarii reale, chiar func\u021bioneaz\u0103 sau este o \u00een\u0219el\u0103torie\u2753","robots":{"index":"index","follow":"follow","max-snippet":"max-snippet:-1","max-image-preview":"max-image-preview:large","max-video-preview":"max-video-preview:-1"},"canonical":"https:\/\/policlinica-baiamare.ro\/farmacie\/produs\/erectil\/","og_locale":"ro_RO","og_type":"article","og_title":"Erectil - Suplimente Naturale","og_description":"Erectil - Cump\u0103ra\u021bi \u00eentr-o farmacie, pre\u021b, compozi\u021bie, efecte, informa\u021bii, opinii \u0219i comentarii reale, chiar func\u021bioneaz\u0103 sau este o \u00een\u0219el\u0103torie\u2753","og_url":"https:\/\/policlinica-baiamare.ro\/farmacie\/produs\/erectil\/","og_site_name":"Suplimente Naturale","og_image":[{"width":250,"height":300,"url":"https:\/\/policlinica-baiamare.ro\/farmacie\/wp-content\/uploads\/2025\/01\/erectil.jpg","type":"image\/jpeg"}],"twitter_card":"summary_large_image","twitter_misc":{"Timp estimat pentru citire":"5 minute"},"schema":{"@context":"https:\/\/schema.org","@graph":[{"@type":"WebPage","@id":"https:\/\/policlinica-baiamare.ro\/farmacie\/produs\/erectil\/","url":"https:\/\/policlinica-baiamare.ro\/farmacie\/produs\/erectil\/","name":"Erectil - Suplimente Naturale","isPartOf":{"@id":"https:\/\/policlinica-baiamare.ro\/farmacie\/#website"},"primaryImageOfPage":{"@id":"https:\/\/policlinica-baiamare.ro\/farmacie\/produs\/erectil\/#primaryimage"},"image":{"@id":"https:\/\/policlinica-baiamare.ro\/farmacie\/produs\/erectil\/#primaryimage"},"thumbnailUrl":"https:\/\/policlinica-baiamare.ro\/farmacie\/wp-content\/uploads\/2025\/01\/erectil.jpg","datePublished":"2025-01-16T17:40:14+00:00","description":"Erectil - Cump\u0103ra\u021bi \u00eentr-o farmacie, pre\u021b, compozi\u021bie, efecte, informa\u021bii, opinii \u0219i comentarii reale, chiar func\u021bioneaz\u0103 sau este o \u00een\u0219el\u0103torie\u2753","breadcrumb":{"@id":"https:\/\/policlinica-baiamare.ro\/farmacie\/produs\/erectil\/#breadcrumb"},"inLanguage":"ro-RO","potentialAction":[{"@type":"ReadAction","target":["https:\/\/policlinica-baiamare.ro\/farmacie\/produs\/erectil\/"]}]},{"@type":"ImageObject","inLanguage":"ro-RO","@id":"https:\/\/policlinica-baiamare.ro\/farmacie\/produs\/erectil\/#primaryimage","url":"https:\/\/policlinica-baiamare.ro\/farmacie\/wp-content\/uploads\/2025\/01\/erectil.jpg","contentUrl":"https:\/\/policlinica-baiamare.ro\/farmacie\/wp-content\/uploads\/2025\/01\/erectil.jpg","width":250,"height":300,"caption":"erectil"},{"@type":"BreadcrumbList","@id":"https:\/\/policlinica-baiamare.ro\/farmacie\/produs\/erectil\/#breadcrumb","itemListElement":[{"@type":"ListItem","position":1,"name":"Prima pagin\u0103","item":"https:\/\/policlinica-baiamare.ro\/farmacie\/"},{"@type":"ListItem","position":2,"name":"Produse","item":"https:\/\/policlinica-baiamare.ro\/farmacie\/"},{"@type":"ListItem","position":3,"name":"Erectil"}]},{"@type":"WebSite","@id":"https:\/\/policlinica-baiamare.ro\/farmacie\/#website","url":"https:\/\/policlinica-baiamare.ro\/farmacie\/","name":"Suplimente Naturale","description":"","potentialAction":[{"@type":"SearchAction","target":{"@type":"EntryPoint","urlTemplate":"https:\/\/policlinica-baiamare.ro\/farmacie\/?s={search_term_string}"},"query-input":{"@type":"PropertyValueSpecification","valueRequired":true,"valueName":"search_term_string"}}],"inLanguage":"ro-RO"}]}},"_links":{"self":[{"href":"https:\/\/policlinica-baiamare.ro\/farmacie\/wp-json\/wp\/v2\/product\/87","targetHints":{"allow":["GET"]}}],"collection":[{"href":"https:\/\/policlinica-baiamare.ro\/farmacie\/wp-json\/wp\/v2\/product"}],"about":[{"href":"https:\/\/policlinica-baiamare.ro\/farmacie\/wp-json\/wp\/v2\/types\/product"}],"wp:featuredmedia":[{"embeddable":true,"href":"https:\/\/policlinica-baiamare.ro\/farmacie\/wp-json\/wp\/v2\/media\/88"}],"wp:attachment":[{"href":"https:\/\/policlinica-baiamare.ro\/farmacie\/wp-json\/wp\/v2\/media?parent=87"}],"wp:term":[{"taxonomy":"product_brand","embeddable":true,"href":"https:\/\/policlinica-baiamare.ro\/farmacie\/wp-json\/wp\/v2\/product_brand?post=87"},{"taxonomy":"product_cat","embeddable":true,"href":"https:\/\/policlinica-baiamare.ro\/farmacie\/wp-json\/wp\/v2\/product_cat?post=87"},{"taxonomy":"product_tag","embeddable":true,"href":"https:\/\/policlinica-baiamare.ro\/farmacie\/wp-json\/wp\/v2\/product_tag?post=87"}],"curies":[{"name":"wp","href":"https:\/\/api.w.org\/{rel}","templated":true}]}}